ctor of j and 63?
7
Let y(v) = -v + 37. Let j be y(12). Let b = 30 - j. Suppose 2*c - b = -4*u + 3, -4*c - 16 = 0. Calculate the highest common divisor of u and 32.
4
Let o = -1438 - -1451. Calculate the highest common factor of 689 and o.
13
Suppose -l + 5*l = -3*s + 29, -24 = -4*s + 2*l. Suppose s = -0*u + u. Calculate the greatest common factor of u and 1.
1
Suppose 5*a - 4*m = a + 192, m + 148 = 3*a. What is the highest common divisor of a and 20?
10
Let v = 12 + 24. Calculate the greatest common factor of v and 132.
12
Suppose -31*u + 63 = -28*u. Let r be (-921)/(-7) - (-9)/u. Calculate the greatest common factor of r and 12.
12
Let t(j) = 83*j**2 - 7*j - 8. Let i be t(-1). What is the highest common factor of 287 and i?
41
Let k be 90/21 + (-6)/21. Suppose -3*a + 206 = -5*p, -108 - 205 = -k*a - p. Calculate the greatest common factor of a and 11.
11
Suppose -3*m = -4*o + 30, 0 = 5*o - 2*m + 7 - 41. What is the greatest common divisor of o and 2082?
6
Let a(s) = -2*s**2 + 8*s - 5. Let k be a(5). Let n = -53 + 148. Let t = n + k. Calculate the greatest common factor of t and 20.
20
Suppose -9 = 4*v - 5, -2*v - 470 = -4*d. Let b = 8 + 1. Calculate the greatest common factor of d and b.
9
Suppose -3*u - 3 = 3*n, 2*n - 1 + 3 = -4*u. Let t(i) = 3*i + 31 + 0 - 2*i. Let l be t(u). Calculate the greatest common factor of l and 62.
31
Let z = 1 - -38. Let b = 66 - 14. What is the highest common divisor of b and z?
13
Suppose 3*m + 291 = f, -12*f - m = -8*f - 1177. What is the greatest common factor of f and 196?
98
Suppose 0 = -l + 5*l - 5*z + 33, 23 = -4*l + 3*z. Let f be (-400)/l*3/6. What is the greatest common divisor of f and 20?
20
Let x(b) = b**3 - b + 15. Let t be x(0). Let g be (-4*(-6)/4)/1. Let i = g + 4. Calculate the greatest common factor of i and t.
5
Suppose -9*c - 10 = -4*c. Let s be ((-6)/9)/(c/15). Calculate the highest common factor of 2 and s.
1
Suppose -3*p + 3*i + 0*i + 24 = 0, -16 = -3*p - 5*i. What is the highest common divisor of 2863 and p?
7
Suppose 0 = 176*w - 168*w - 8. What is the highest common divisor of 17 and w?
1
Let h be (-1101)/(-4) + (44/16)/(-11). What is the greatest common divisor of h and 11?
11
Let v = 23 - 11. Let m(r) = r + 37. Let j be m(-19). What is the highest common divisor of v and j?
6
Let l be (-90)/(-54)*18 + 2*-1. What is the greatest common factor of 80 and l?
4
Let s(o) = -3*o**2 - 33*o + 9. Let x = -78 + 67. Let d be s(x). What is the greatest common divisor of d and 45?
9
Let c(s) = -2*s**3 - 3*s**2 - 3*s - 2. Let u = 1 + 7. Let q be (3/2)/((-6)/u). Let o be c(q). What is the highest common divisor of o and 1?
1
Let g = 2 - 0. Suppose g*m = -2*m. Suppose -j + 16 = 4*p, -2*p + m + 8 = 4*j. What is the highest common divisor of 32 and p?
4
Let t = 907 - 892. Suppose -5*z + 0 = -10. Suppose -z*d = 0, 2*u - 6*u = 5*d - 60. What is the highest common factor of u and t?
15
Suppose -36 = -5*c + 2*c. Suppose -3 = -o, -2*o = 2*f - 7*o + 3. What is the greatest common factor of c and f?
6
Let t be 1/(-7) - 400/(-56). Let h(k) = -2*k + 2. Let n be h(-3). Suppose 2*p - 5*f = 22, 3*p - n = 4*f + 39. What is the greatest common divisor of t and p?
7
Let k(d) = -d - 4. Let x be k(-7). Let h = 5 + -2. Suppose 0 = 4*r - 0*r + 16, 0 = h*q - x*r - 24. What is the highest common factor of q and 36?
4
Suppose 3*p - 111 = -3*t - 0*p, 0 = t + 3*p - 45. Suppose l - t = -4*n, 0*n - 5*n + 120 = 5*l. What is the greatest common factor of 3 and l?
3
Let v be 1 + (-2 - 6*-1). Suppose v*p + 5*p - 50 = 0. Calculate the greatest common divisor of 5 and p.
5
Let a = 22 - 19. Suppose a*k + 4*v + 12 = -k, 5*v + 20 = 0. Let z = 21 + k. What is the greatest common divisor of 33 and z?
11
Suppose -3*a - 2*a + 300 = 5*i, -i + 3 = 0. Suppose 2*l - l = -1, 0 = 3*m - 5*l - 89. Suppose -m = 3*w - 85. Calculate the greatest common factor of w and a.
19
Let a be 27/15 - 1/(-5). Let g be 12 + (1 - 3) + a. Let i be (-3)/18 + 1226/g. Calculate the highest common factor of i and 34.
34
Suppose 51*c = 48*c + 6. Suppose 31 = 4*s - c*s - 5*k, 0 = k + 1. What is the highest common factor of 169 and s?
13
Let r be (42/(-9))/((-6)/9). Suppose -5*j = -r*j + 22. Let k be (-3 + -2)*(5 - j). Calculate the greatest common divisor of 12 and k.
6
Let v(j) = j**2 + 2*j - 4. Let k be v(-4). Suppose -5*o + 89 = 4*p, 1 = o + k. Let w = p - -4. Calculate the highest common divisor of 6 and w.
6
Suppose 513 - 58 = 5*r. Suppose 162 = 18*a + 36. What is the highest common divisor of a and r?
7
Suppose 2168 = 8*i - 744. What is the highest common factor of 28 and i?
28
Let d = 47 + 25. Let i = -1142 + 1151. What is the greatest common factor of i and d?
9
Let f(r) = -3*r - 7. Suppose -14 = 4*d + 6. Let n be f(d). Suppose -141 = -n*w + 43. What is the greatest common factor of w and 46?
23
Suppose -36*u + 21*u + 3885 = 0. Calculate the greatest common factor of u and 37.
37
Suppose 0 = 3*w - w + 2*u + 24, -5*w = 2*u + 57. Let n be -1*((5 - 2) + w). What is the highest common factor of n and 72?
8
Let h(m) = -m**2 + 2*m - 5. Let v be h(0). Let y(n) = -n**3 - 5*n**2 - 4*n - 9. Let d be y(v). Calculate the highest common divisor of d and 110.
11
Let v be ((-1)/3)/((-1)/24). Let x be (9 - v)/((-2)/(-8)). Suppose -2*c = -5*c - s + 27, 2*s - 38 = -x*c. What is the highest common factor of 8 and c?
8
Let x(w) = 100 - w + 88 - 184. Let u be x(2). Calculate the greatest common factor of 8 and u.
2
Let w(m) = -m**2 + 7*m - 1. Let g be w(9). Let l = -31 - g. Let u = l + 232. What is the greatest common divisor of 20 and u?
20
Let v(w) = 80*w**2 + 4*w - 2. Let z be v(1). Let i = z + -26. What is the greatest common factor of i and 140?
28
Suppose v = -2*v + 9. Suppose -r + v = 8. Let p = 11 + r. Calculate the greatest common divisor of 66 and p.
6
Let j(d) = -66 - d**3 + 13*d**2 + 70 - 9*d - 2*d**2. Let w be j(10). Suppose 36 + 48 = 4*g. Calculate the highest common factor of w and g.
7
Suppose -4*x + 2*z = 3*z - 560, 4*z = 2*x - 280. Let s(a) = -25*a + 8 - 7 + 5. Let t be s(-2). What is the highest common factor of t and x?
28
Suppose 0*g = -g + 138. Let i = -39 - -66. Suppose -19 = -2*d + i. What is the greatest common divisor of d and g?
23
Let z be (-1)/5 - 1/(-5). Let s(i) = i**2 + i + 99. Let t be s(z). Let k(a) = 4*a + 59. Let l be k(-12). What is the highest common factor of l and t?
11
Let o = -114 + 122. Let j = 3 + 10. Let h = o + j. Calculate the highest common divisor of h and 84.
21
Let r(g) = -6*g + 86. Let a be r(9). Calculate the highest common divisor of a and 24.
8
Let a be 8425/75 - (-1)/(-3). What is the highest common factor of 84 and a?
28
Let s(u) = -u**3 - 7*u**2 - 7*u - 1. Let j be s(-6). Suppose -16 + 391 = -j*i. Let r = i - -105. Calculate the greatest common factor of 12 and r.
6
Suppose 4*u - 75 = -7. Suppose -4*r + 6*r - 28 = 0. Let m = 65 - r. What is the greatest common factor of m and u?
17
Let r = 90 - 58. Suppose 0 = 10*m + 17 - 67. Let d be (1 + 3)*m/(10/4). What is the highest common factor of d and r?
8
Let d = 27 - -4. Suppose 3*k = 5*s + d, 4*k - 11 - 7 = -5*s. Calculate the highest common divisor of k and 119.
7
Suppose -7*w - w = 688. Let t = -79 - w. Calculate the greatest common divisor of 21 and t.
7
Suppose 0 = 5*k + y - 139 - 648, -2*k - 3*y = -307. Suppose -d = -102 - k. Calculate the greatest common factor of 26 and d.
26
Let q = 1249 + -1207. Calculate the highest common divisor of 1190 and q.
14
Suppose -54 = -3*l - 3*l. Suppose -2*v = -2*y - 292, -v = -6*v + 3*y + 726. Suppose 4*z = 2*z + v. What is the highest common divisor of l and z?
9
Suppose -5*k = -6*k + 5. Suppose -k*w + 8*w = 39. Let n = -39 - -104. What is the greatest common factor of n and w?
13
Let k = 65 - 20. Suppose -8*a - 131 = -171. What is the highest common divisor of k and a?
5
Let t(y) = -y**3 + 18*y**2 - 17*y - 13. Let j be t(18). Let o = j + 514. What is the highest common divisor of 39 and o?
39
Let l be (0 - 2)*(-185)/10. Suppose 3*n - l = -2*w - 2*w, n - 24 = -3*w. Calculate the greatest common divisor of w and 14.
7
Let c be (21/4)/(3/56). Let i(g) = 3*g - 4. Let v be i(2). Let p be 720/50 - v/5. What is the highest common factor of p and c?
14
Suppose 196 = 5*g + 4*k, g + 2*g + 4*k = 116. Let a = 802 - 797. Calculate the highest common